{"id":55,"date":"2015-12-21T17:30:04","date_gmt":"2015-12-21T17:30:04","guid":{"rendered":"http:\/\/helena.sousafreitas.com\/wip\/?page_id=55"},"modified":"2016-01-05T03:02:06","modified_gmt":"2016-01-05T03:02:06","slug":"palavra","status":"publish","type":"page","link":"http:\/\/helena.sousafreitas.com\/wip\/palavra\/","title":{"rendered":"Palavra"},"content":{"rendered":"<blockquote><p>&#8220;Desde que me recordo como pessoa, recordo-me a\u00a0escrever. Escrevo porque n\u00e3o sei viver de outra maneira. \u00c9 a\u00a0minha forma de estar no mundo.&#8221;<\/p><\/blockquote>\n<p style=\"text-align: right;\">Rosa Montero<\/p>\n<table>\n<tbody>\n<tr>\n<td style=\"text-align: center;\"><a href=\"http:\/\/helena.sousafreitas.com\/wip\/palavra\/literatura\/\">Literatura<\/a><\/td>\n<td style=\"text-align: center;\"><a href=\"http:\/\/helena.sousafreitas.com\/wip\/palavra\/traducao-e-revisao\/\">Tradu\u00e7\u00e3o e Revis\u00e3o<\/a><\/td>\n<td style=\"text-align: center;\"><a href=\"http:\/\/helena.sousafreitas.com\/wip\/palavra\/jornalismo\/\">Jornalismo<\/a><\/td>\n<\/tr>\n<\/tbody>\n<\/table>\n<hr \/>\n<pre>Autoria da imagem: <a href=\"https:\/\/pixabay.com\/pt\/users\/Bonnybbx-322497\/\">Bonnyb Bendix<\/a><\/pre>\n","protected":false},"excerpt":{"rendered":"<p>&#8220;Desde que me recordo como pessoa, recordo-me a\u00a0escrever. Escrevo porque n\u00e3o sei viver de outra maneira. \u00c9 a\u00a0minha forma de estar no mundo.&#8221; Rosa Montero Literatura Tradu\u00e7\u00e3o e Revis\u00e3o Jornalismo Autoria da imagem: Bonnyb Bendix<\/p>\n","protected":false},"author":1,"featured_media":263,"parent":0,"menu_order":0,"comment_status":"closed","ping_status":"open","template":"","meta":{"footnotes":""},"class_list":["post-55","page","type-page","status-publish","has-post-thumbnail","hentry"],"aioseo_notices":[],"_links":{"self":[{"href":"http:\/\/helena.sousafreitas.com\/wip\/wp-json\/wp\/v2\/pages\/55","targetHints":{"allow":["GET"]}}],"collection":[{"href":"http:\/\/helena.sousafreitas.com\/wip\/wp-json\/wp\/v2\/pages"}],"about":[{"href":"http:\/\/helena.sousafreitas.com\/wip\/wp-json\/wp\/v2\/types\/page"}],"author":[{"embeddable":true,"href":"http:\/\/helena.sousafreitas.com\/wip\/wp-json\/wp\/v2\/users\/1"}],"replies":[{"embeddable":true,"href":"http:\/\/helena.sousafreitas.com\/wip\/wp-json\/wp\/v2\/comments?post=55"}],"version-history":[{"count":10,"href":"http:\/\/helena.sousafreitas.com\/wip\/wp-json\/wp\/v2\/pages\/55\/revisions"}],"predecessor-version":[{"id":473,"href":"http:\/\/helena.sousafreitas.com\/wip\/wp-json\/wp\/v2\/pages\/55\/revisions\/473"}],"wp:featuredmedia":[{"embeddable":true,"href":"http:\/\/helena.sousafreitas.com\/wip\/wp-json\/wp\/v2\/media\/263"}],"wp:attachment":[{"href":"http:\/\/helena.sousafreitas.com\/wip\/wp-json\/wp\/v2\/media?parent=55"}],"curies":[{"name":"wp","href":"https:\/\/api.w.org\/{rel}","templated":true}]}}

<blockquote><p>&#8220;Desde que me recordo como pessoa, recordo-me a escrever. Escrevo porque não sei viver de outra maneira. É a minha forma de estar no mundo.&#8221;</p></blockquote>
<p style="text-align: right;">Rosa Montero</p>
<table>
<tbody>
<tr>
<td style="text-align: center;"><a href="http://helena.sousafreitas.com/wip/palavra/literatura/">Literatura</a></td>
<td style="text-align: center;"><a href="http://helena.sousafreitas.com/wip/palavra/traducao-e-revisao/">Tradução e Revisão</a></td>
<td style="text-align: center;"><a href="http://helena.sousafreitas.com/wip/palavra/jornalismo/">Jornalismo</a></td>
</tr>
</tbody>
</table>
<hr />
<pre>Autoria da imagem: <a href="https://pixabay.com/pt/users/Bonnybbx-322497/">Bonnyb Bendix</a></pre>

<p>&#8220;Desde que me recordo como pessoa, recordo-me a escrever. Escrevo porque não sei viver de outra maneira. É a minha forma de estar no mundo.&#8221; Rosa Montero Literatura Tradução e Revisão Jornalismo Autoria da imagem: Bonnyb Bendix</p>
