{"id":314,"date":"2016-01-03T01:03:57","date_gmt":"2016-01-03T01:03:57","guid":{"rendered":"http:\/\/helena.sousafreitas.com\/wip\/?page_id=314"},"modified":"2021-08-30T00:17:44","modified_gmt":"2021-08-29T23:17:44","slug":"biografia","status":"publish","type":"page","link":"http:\/\/helena.sousafreitas.com\/wip\/helena\/biografia\/","title":{"rendered":"Biografia"},"content":{"rendered":"<p>Helena de Sousa Freitas nasceu em Lisboa, em 1976, e cresceu em Set\u00fabal, onde reside.<\/p>\n<p>Autora dos ensaios <em>Jornalismo e Literatura: Inimigos ou Amantes?<\/em> (2002), <em>Sigilo Profissional em Risco<\/em> (2006) e <em>O DN Jovem entre o Papel e a Net<\/em>&nbsp;(2011), tem tamb\u00e9m publicado poesia, conto e cr\u00f3nica em obras colectivas, em Portugal e no estrangeiro, e recebido diversos pr\u00e9mios liter\u00e1rios.<\/p>\n<p>Desenvolve&nbsp;trabalho na \u00e1rea da tradu\u00e7\u00e3o e da revis\u00e3o&nbsp;e colaborou, entre outros,&nbsp;com o Festroia \u2013 Festival Internacional de Cinema de Set\u00fabal, o Muvi Lisboa &#8211; Festival Internacional de M\u00fasica no Cinema e o Festival Liter\u00e1rio de Macau &#8211; Rota das Letras.<\/p>\n<p>Iniciou-se no jornalismo em 1996, come\u00e7ando por trabalhar na imprensa local de Set\u00fabal e, entre 1998 e 2017, fez parte dos quadros da Lusa &#8211; Ag\u00eancia de Not\u00edcias de Portugal. Um dossier sobre <em>e-books<\/em> realizado ao servi\u00e7o da ag\u00eancia valeu-lhe o Pr\u00e9mio Editorial Sociedade da Informa\u00e7\u00e3o 2010, promovido pela APDSI.<\/p>\n<p>Licenciada em Comunica\u00e7\u00e3o Social (ESE-IPS), p\u00f3s-graduada em Direito da Comunica\u00e7\u00e3o Social (FD-UL) e mestre em Comunica\u00e7\u00e3o, Cultura e Tecnologias da Informa\u00e7\u00e3o (ISCTE-IUL), concluiu em 2019, com distin\u00e7\u00e3o e por unanimidade de um j\u00fari de oito elementos, o seu doutoramento em Ci\u00eancias da Comunica\u00e7\u00e3o no ISCTE-IUL.<\/p>\n<p>Em 2011, estreou-se atr\u00e1s das c\u00e2maras com a curta-metragem <em>Set\u00fabal, Cidade Verde<\/em>, distinguida com o Pr\u00e9mio do P\u00fablico no IV Festival Curtas Sadinas.<\/p>\n<p>Com um gosto especial pela fotografia, participou em v\u00e1rias exposi\u00e7\u00f5es colectivas. A sua primeira mostra individual, <em>Fungi<\/em>, composta por mais de 50 imagens de cogumelos, esteve patente na Herdade do Freixo do Meio, em Montemor-o-Novo, em 2015.<\/p>\n<p>Ecologista convicta,&nbsp;tem sido volunt\u00e1ria em diversos projectos de protec\u00e7\u00e3o do ambiente, desde <em>Um Lar para a Cegonha Branca<\/em>, do FAPAS, at\u00e9 ao GARRRBAGE (Grupo de Ac\u00e7\u00e3o pela Recolha, Reabilita\u00e7\u00e3o e Reutiliza\u00e7\u00e3o de Bens Aproveit\u00e1veis &#8211; Gera\u00e7\u00f5es Ecologistas), passando pela Quercus e pelo GISA (Grupo de Interven\u00e7\u00e3o e Sensibiliza\u00e7\u00e3o Ambiental).<\/p>\n<p>A sua ac\u00e7\u00e3o c\u00edvica valeu-lhe o t\u00edtulo de Her\u00f3i do Ano, atribu\u00eddo pelo Montepio e a revista Vis\u00e3o, em 2015, e o Pr\u00e9mio Teresa Rosmaninho &#8211; Jovem L\u00edder, atribu\u00eddo pela Uni\u00e3o Soroptimist Internacional de Portugal, por proposta do Clube Soroptimist de Set\u00fabal, em 2016. No ano seguinte, foi investida Embaixadora de Set\u00fabal, pela C\u00e2mara Municipal desta cidade.<\/p>\n","protected":false},"excerpt":{"rendered":"<p>Helena de Sousa Freitas nasceu em Lisboa, em 1976, e cresceu em Set\u00fabal, onde reside. Autora dos ensaios Jornalismo e Literatura: Inimigos ou Amantes? (2002), Sigilo Profissional em Risco (2006) e O DN Jovem entre o Papel e a Net&nbsp;(2011), tem tamb\u00e9m publicado poesia, conto e cr\u00f3nica em obras colectivas, em Portugal e no estrangeiro, &hellip; <a href=\"http:\/\/helena.sousafreitas.com\/wip\/helena\/biografia\/\" class=\"more-link\">Continuar a ler <span class=\"screen-reader-text\">Biografia<\/span><\/a><\/p>\n","protected":false},"author":1,"featured_media":70,"parent":2,"menu_order":0,"comment_status":"closed","ping_status":"closed","template":"","meta":{"footnotes":""},"class_list":["post-314","page","type-page","status-publish","has-post-thumbnail","hentry"],"aioseo_notices":[],"_links":{"self":[{"href":"http:\/\/helena.sousafreitas.com\/wip\/wp-json\/wp\/v2\/pages\/314","targetHints":{"allow":["GET"]}}],"collection":[{"href":"http:\/\/helena.sousafreitas.com\/wip\/wp-json\/wp\/v2\/pages"}],"about":[{"href":"http:\/\/helena.sousafreitas.com\/wip\/wp-json\/wp\/v2\/types\/page"}],"author":[{"embeddable":true,"href":"http:\/\/helena.sousafreitas.com\/wip\/wp-json\/wp\/v2\/users\/1"}],"replies":[{"embeddable":true,"href":"http:\/\/helena.sousafreitas.com\/wip\/wp-json\/wp\/v2\/comments?post=314"}],"version-history":[{"count":9,"href":"http:\/\/helena.sousafreitas.com\/wip\/wp-json\/wp\/v2\/pages\/314\/revisions"}],"predecessor-version":[{"id":547,"href":"http:\/\/helena.sousafreitas.com\/wip\/wp-json\/wp\/v2\/pages\/314\/revisions\/547"}],"up":[{"embeddable":true,"href":"http:\/\/helena.sousafreitas.com\/wip\/wp-json\/wp\/v2\/pages\/2"}],"wp:featuredmedia":[{"embeddable":true,"href":"http:\/\/helena.sousafreitas.com\/wip\/wp-json\/wp\/v2\/media\/70"}],"wp:attachment":[{"href":"http:\/\/helena.sousafreitas.com\/wip\/wp-json\/wp\/v2\/media?parent=314"}],"curies":[{"name":"wp","href":"https:\/\/api.w.org\/{rel}","templated":true}]}}